 -3*p. Let x be o(2). Let g(a) = 8*a**3 + 6*a**2 - 2*a - 1. Let r(f) = -7*f**3 + f. Let h(w) = g(w) + r(w). Calculate h(x).
5
Let z(g) = 80*g + 1038. Let m be z(-13). Suppose -7*r = -2*r - 10. Let v(k) = -2*k**2 + k + 4*k**r + 2 - 3*k**2. Calculate v(m).
-4
Let k(s) = -s**2 - 141*s - 143. Let q be k(-1). Let l(z) = -z**2 + 25*z + 86. Give l(q).
2
Let a = -11327 - -11333. Let m(x) = 4*x - 10. Determine m(a).
14
Let w(q) = -3*q. Let c be (-4)/(-6) - 220/(-30). Let s = c - 6. Suppose 4*z = -5*a + 5, -s*a + 14 = -2*z - 6. Determine w(a).
-15
Let u(p) = -p**3 + 12*p**2 + 11*p + 19. Let q be 15 - (1*8 + 14 + -20). Give u(q).
-7
Let d = -26 + 47. Suppose v + 2*v + d = 0. Let k(m) = 3*m**2 + 9*m - 5. Let h(j) = -7*j**2 - 19*j + 8. Let t(s) = 2*h(s) + 5*k(s). What is t(v)?
-9
Let c(g) = -7*g**3 + g**2 - g. Let b = 32 + -28. Suppose -b*x - 4*k = -4, -5 = -5*x + k + 18. Let v be 1/x + 3/4. What is c(v)?
-7
Let r = 62 - 57. Let k(b) = -r*b + 0*b - 7*b**2 - 9 + 3 - 4 + b**3. Let h(n) = 3*n - 1. Let s be h(3). Determine k(s).
14
Let l(n) = -n**3 - n**2 + n + 2. Let j(c) = -2*c**3 + 19*c**2 - 10*c - 16. Let v(w) = -j(w) + 4*l(w). Give v(-12).
0
Suppose 90 + 118 = 14*h + 40. Let k(m) = -11*m + 137. What is k(h)?
5
Let t(p) = 2*p - 14. Let r be -2*120/(-42) - (64/(-28) - -2). What is t(r)?
-2
Let k(d) = 22*d - 13. Let l be k(16). Let r = -337 + l. Let t(z) = z**2 - z + 2. Give t(r).
4
Let x(i) = -151 - 134 - 20*i + 284. Calculate x(-3).
59
Suppose -918 = -23*n + 531. Let i(t) = -13*t - 17*t - 18*t - 18*t + n*t. What is i(-4)?
12
Suppose -u - 3*u - 3*l = 54, -u + 6*l - 54 = 0. Let k(m) = -m**2 - 24*m - 108. What is k(u)?
0
Let g(c) = 2*c - 7. Let t = -8557 - -8571. Determine g(t).
21
Let m(l) = l - 9*l**2 + 1 - l - l + 17*l**2. Let p = -69 + 76. Let v(s) = -s + 8. Let d be v(p). Give m(d).
8
Suppose -5*b - 4*i = 2, 0*b + 3 = 3*b + i. Let u(v) = b - 143*v + 142*v + 1 - 6. Let j be u(3). Let a(q) = q**2 + 4*q - 6. Determine a(j).
6
Suppose 0 = 4*y + k - 9, y + 4*k = -3*y + 12. Let z be (1/3)/(((-550)/(-198))/25). Let a be 10/(-4) + y + z/(-2). Let b(i) = -2*i**2 - 3*i - 3. Calculate b(a).
-5
Suppose -459 - 245 = 20*c - 108*c. Let m(o) = -3*o + 28. Determine m(c).
4
Let y(z) = -4*z + 28. Let o(b) be the third derivative of -b**3/3 + 76*b**2. Let t(c) = 16*o(c) + y(c). Calculate t(-2).
4
Let b(l) be the first derivative of 13*l**2/2 + 67*l - 3903. Determine b(-8).
-37
Let z(j) = 2. Let m(p) = -p + 1. Let y(f) = 33*f + 265. Let k be y(-8). Let c(i) = k*m(i) + 4*z(i). Give c(13).
-4
Let v(i) = -15*i + i**3 + 6*i + 2*i - 7 + 6*i + 9*i**2 + i**2. Determine v(-10).
3
Suppose -32 = 59*d - 63*d - i, -3*i = 3*d - 15. Let q(o) = o**3 - 11*o**2 + 12*o + 15. Determine q(d).
-39
Let k(t) = 354*t + 6028. Let v be k(-17). Let g(u) = -9*u**2 - 11*u + 21. Let w(o) = -5*o**2 - 5*o + 11. Let r(n) = 6*g(n) - 11*w(n). Determine r(v).
-5
Let w(u) = -15*u**2 + 56*u + 239. Let h(y) = 3*y**2 - 11*y - 44. Let v(f) = 11*h(f) + 2*w(f). Calculate v(-1).
6
Let z(s) = -9*s - 125. Let l = -5551 + 5537. Determine z(l).
1
Let i(a) = -7*a - 77. Let r(k) = -1117*k + 14512. Let n be r(13). Calculate i(n).
-14
Suppose 609 = 10799*b - 10770*b. Let i(n) = 5*n - 67. Determine i(b).
38
Let v be (-2)/9 + 20/9. Suppose -4*k = 3*c - 20, 8*c - 4*c = 4*k + 8. Let t(b) = -20 + 10 + 4 - b + c. Determine t(v).
-4
Let g(r) = 3707*r**3 - 44 - 1853*r**3 - 2*r**2 - 58 - 1855*r**3 - 33*r. What is g(-3)?
6
Let j(o) = 13 + o - 2 - 4*o. Let k(x) = -x**3 - 3*x**2 - 871*x - 4400. Let n be k(-5). Determine j(n).
-4
Let u(g) = g + 13. Let z be u(-6). Let l(o) = -z - 2*o**2 + 4*o + o**2 + 0. Let r = 1297 - 1291. Give l(r).
-19
Let l(i) = -6*i - 3. Suppose -5*n = -g + 2153, 0 = 3*g + 3*n - 64 - 6467. Let o(w) = -w**2 + 1 - 2175*w**3 + g*w**3 + 0*w**2. Let c be o(1). Give l(c).
9
Let s(g) be the second derivative of -g**3/6 + 9*g**2/2 + g - 617. Give s(24).
-15
Let n(v) be the second derivative of -v**4/12 - v**3 - 3*v**2/2 + 2*v. Let d be 59/(-5) - 52/(-65). Let c = d - -6. What is n(c)?
2
Let a(c) be the first derivative of -5*c**2 - 33*c - 8213. Calculate a(-7).
37
Let r(s) be the first derivative of s**3/3 - 11*s**2/2 + 13*s + 340. Calculate r(10).
3
Let r(p) be the first derivative of 3*p**4 + 2019. Determine r(1).
12
Let i(s) = s + 1. Let j(h) = -h**2 - 2*h + 4. Let x(z) = -3*i(z) + j(z). Suppose o - 9 = -5. Let d be o/6 - 28/6. Calculate x(d).
5
Let y(j) = j**3 - 42*j**2 - 136*j + 65. Let i be y(45). Let z(v) = 3 - v - i*v**2 - 13*v**2 + 34*v**2 - 2 + 1. Give z(0).
2
Let k be (-1*2)/(320/2720). Let f(i) = i**2 + 20*i + 2. Determine f(k).
-49
Let h(o) = -24*o**3 - 126*o**2 + 16*o - 10. Let x(v) = -13*v**3 - 69*v**2 + 8*v - 6. Let b(r) = 6*h(r) - 11*x(r). Determine b(5).
-4
Let n(m) be the third derivative of 2*m + 59*m**2 + 2/3*m**3 + 0 - 1/60*m**5 + 1/6*m**4. Give n(5).
-1
Let p(m) = -m + 0*m**2 - 25 - m**2 + m**3 + m**2. Let x(n) = 1591*n + 19092. Let q be x(-12). What is p(q)?
-25
Let h(d) = d**2 + 16*d - 12. Suppose 416 = -219*i + 443*i - 256*i. Give h(i).
-51
Let h = 31 + -26. Suppose -3*l = 2*v - 7 - 7, 0 = -h*l + 4*v + 16. Let o(m) = -3*m + 13. What is o(l)?
1
Let k = -35 - -49. Suppose 0 = k*x - 1492 - 398. Let b be 1/5 + 108/x. Let z(a) = -4*a. Give z(b).
-4
Let f(g) = g**2 - g. Let l(s) = 5*s**2 - 28*s - 23. Let o(c) = -6*f(c) + l(c). Let m be o(-14). Let n = -91 + m. Let u(d) = -5*d**2 - 2*d. Calculate u(n).
-16
Let k(r) = r + 11. Let l(j) = 2*j**3 + 14 + 15*j - 3*j**3 + 2*j**3 + 4*j**2 + 10*j**2. Let t be l(-13). Determine k(t).
-1
Suppose 17*u - 70 = 52*u. Let v(j) = 23*j - 3. Determine v(u).
-49
Let g(t) be the third derivative of t**4/4 - t**2. Let z be (-1)/(-7 - (-174)/28 - (-4)/14). What is g(z)?
12
Let k = -10 + 18. Let r(z) = -133*z**2 + 44*z + 46. Let v(l) = 71*l**2 - 24*l - 24. Let d(o) = 8*r(o) + 15*v(o). What is d(k)?
8
Suppose -3*t = -4*h - 36, -t + 2*h + 6 + 6 = 0. Suppose 14 + t = 2*r. Let o = 14 - r. Let x(f) = 3*f**2 - 1. Give x(o).
2
Let z(u) = -u**3 + 3*u**2 - 3*u + 5. Let a(b) = 16*b + 82. Let y be a(-8). Let f be (-49 - y)*(2/(-6) - 1). What is z(f)?
-23
Suppose 5*d = -5*a + 35, 6*d - 29 = -4*a + d. Let p(n) be the second derivative of -n**4/12 + 3*n**3/2 - 9*n**2/2 + 68*n. What is p(a)?
9
Let x(h) = h**3 - 3*h**2 - h - 1. Suppose 4*o - 8 - 4 = 0. Suppose -3 = -4*c + 3*w, -o = -5*w - 8. Let q be -2 + 5 + 1 - (0 + c). Give x(q).
11
Let s(j) = -20*j + 167. Let d(r) = 30*r - 252. Let f(l) = 5*d(l) + 8*s(l). Determine f(7).
6
Suppose 218*s - 206*s = -12. Let j(d) = d + 3. Determine j(s).
2
Let i(s) be the second derivative of 5*s**3/3 - 165*s**2/2 - 5*s + 741. Determine i(18).
15
Let b(g) = g. Let z(s) = -164*s**2 + s + 4*s + 0*s + 165*s**2 + 9. Let m(d) = 5*b(d) + z(d). What is m(-8)?
-7
Let h = 399 - 272. Suppose 11*j + 17 - h = 0. Let g(b) = b**3 - 9*b**2 - 10*b + 14. What is g(j)?
14
Let q(t) = 132*t**2 + 4*t**3 - 63*t**2 - 3 - 70*t**2 + 31*t - 4 - 23*t. Give q(1).
4
Suppose -3*c + 12 = -7*c. Suppose -3*s + 8 = 4*l, -l + 13 = 5*s - 6. Let b(f) = f**3 + 50*f - 6 - 48*f + s*f**2 + 8. Calculate b(c).
5
Let x(h) = -23*h**2 + 61*h - 35. Let r(j) = 25*j + 2*j**2 + 2*j**2 + 7 - 37*j. Let q(m) = 11*r(m) + 2*x(m). Give q(-5).
7
Let u(f) = -2*f - 6. Let h(q) = q + 2. Let r(v) = -16*h(v) - 5*u(v). Let d be r(1). Let m(g) = g**2 + 7*g - 7. What is m(d)?
1
Let o(d) = -4*d**2 + 36*d + 34. Let u(g) = -g**2 + 12*g + 11. Let k(c) = 2*o(c) - 7*u(c). Let f be (-10)/((-23 - -11)/(-12)). Give k(f).
11
Suppose 7*x + 11 + 10 = 0. Let q(r) be the first derivative of -r**4/4 - r**3 + 2*r**2 + r - 110. Calculate q(x).
-11
Let t = 62 + -47. Suppose -45 = -5*s + t. Let m be (594/s)/9 + (-2)/4. Let j(u) = 3*u + 1. What is j(m)?
16
Let a(o) = 3*o**2 + 4*o + 5. Suppose 42*z = 51*z - 810. Let r = 88 - z. Give a(r).
9
Let f(y) = -1918*y + 25*y**2 - 24*y**2 + 1921*y + 9. Calculate f(-4).
13
Let n(a) = -7*a + 77. Let j(p) = -9*p + 97. Let c(k) = 6*j(k) - 8*n(k). Calculate c(15).
-4
Let c(p) be the first derivative of -p**3 + 19*p**2/2 - 21*p - 4362. Calculate c(2).
5
Let q(j) = j**2 - j - 1. Let z(k) = -k**2 + 11*k + 81. Let p be z(15). Let u = 3 + 2. Suppose 0 = 3*m - u*y + 5 + 12, -5*m - 4*y + p = 0. Calculate q(m).
-1
Let y(o) = -o**3 + 4 + 4*o**2 - 9*o + 5*o**2 + 8. Suppose 374 + 418 = 6*c. Let i = -124 + c. Determ